
-29
21 (base 9) to base 5
34
34 (base 7) to base 15
1a
What is 32 (base 14) in base 12?
38
Convert -232 (base 4) to base 8.
-56
What is 272 (base 9) in base 14?
123
What is -125 (base 11) in base 10?
-148
Convert 2 (base 4) to base 15.
2
Convert 47 (base 12) to base 11.
50
Convert -6 (base 9) to base 11.
-6
Convert 112 (base 3) to base 16.
e
What is -c5 (base 16) in base 8?
-305
16 (base 9) to base 5
30
Convert 2 (base 12) to base 3.
2
-20200 (base 3) to base 10
-180
Convert 4e (base 15) to base 7.
134
Convert 3b (base 15) to base 3.
2002
Convert -14 (base 9) to base 4.
-31
What is 8 (base 15) in base 14?
8
Convert b (base 15) to base 6.
15
What is 238 (base 9) in base 10?
197
Convert 3 (base 6) to base 15.
3
What is 46 (base 10) in base 11?
42
What is 5 (base 9) in base 7?
5
0 (base 9) to base 14
0
-3 (base 8) to base 16
-3
Convert 0 (base 7) to base 15.
0
Convert -a5 (base 13) to base 15.
-90
-4 (base 11) to base 4
-10
What is 40 (base 14) in base 3?
2002
2a (base 13) to base 9
40
Convert 4 (base 7) to base 14.
4
Convert -6 (base 10) to base 9.
-6
-115 (base 6) to base 10
-47
-10 (base 6) to base 16
-6
What is -11 (base 5) in base 12?
-6
What is -1013 (base 6) in base 8?
-341
What is -5b (base 15) in base 16?
-56
What is 1 (base 7) in base 14?
1
Convert -8 (base 12) to base 16.
-8
What is -1 (base 10) in base 14?
-1
What is -2 (base 11) in base 9?
-2
What is -1021 (base 3) in base 12?
-2a
15 (base 9) to base 8
16
What is 10 (base 2) in base 9?
2
-2 (base 16) to base 6
-2
Convert 3 (base 6) to base 16.
3
42 (base 14) to base 7
112
-86 (base 12) to base 14
-74
Convert -49 (base 10) to base 13.
-3a
What is 2 (base 12) in base 2?
10
What is -146 (base 10) in base 4?
-2102
Convert 0 (base 16) to base 15.
0
Convert -48 (base 12) to base 4.
-320
Convert -11 (base 2) to base 6.
-3
Convert 112 (base 6) to base 3.
1122
Convert 4 (base 8) to base 6.
4
What is 102 (base 4) in base 13?
15
-100 (base 9) to base 13
-63
Convert -41 (base 6) to base 11.
-23
50 (base 16) to base 2
1010000
-4 (base 10) to base 6
-4
Convert -16 (base 10) to base 13.
-13
Convert -101110 (base 2) to base 6.
-114
-1 (base 13) to base 10
-1
What is -10 (base 4) in base 15?
-4
-c (base 15) to base 10
-12
-48 (base 12) to base 9
-62
What is 1 (base 12) in base 6?
1
4 (base 6) to base 5
4
Convert 16 (base 15) to base 4.
111
What is -3 (base 12) in base 6?
-3
What is 0 (base 4) in base 11?
0
Convert 10 (base 15) to base 10.
15
What is 1 (base 15) in base 13?
1
What is -155 (base 10) in base 8?
-233
What is 1 (base 6) in base 2?
1
11 (base 7) to base 6
12
What is 5 (base 14) in base 13?
5
-2 (base 12) to base 14
-2
-2120 (base 3) to base 7
-126
Convert 1100010 (base 2) to base 11.
8a
Convert -2222 (base 3) to base 15.
-55
110 (base 2) to base 7
6
What is -130 (base 5) in base 11?
-37
214 (base 9) to base 3
20111
Convert 120 (base 9) to base 14.
71
What is -4 (base 13) in base 14?
-4
What is -36 (base 14) in base 10?
-48
3b (base 16) to base 3
2012
Convert -3 (base 12) to base 14.
-3
Convert 113 (base 4) to base 5.
43
What is 6 (base 8) in base 14?
6
Convert 11101 (base 3) to base 4.
1312
What is 225 (base 6) in base 12?
75
-8 (base 13) to base 7
-11
What is 32 (base 4) in base 11?
13
What is 1111 (base 2) in base 16?
f
0 (base 11) to base 13
0
-1 (base 12) to base 7
-1
-145 (base 10) to base 15
-9a
Convert 19 (base 10) to base 16.
13
What is 15 (base 13) in base 9?
20
-3e (base 15) to base 16
-3b
Convert -112 (base 3) to base 14.
-10
Convert 2 (base 11) to base 12.
2
-1100 (base 2) to base 10
-12
What is 2 (base 11) in base 4?
2
What is 1120 (base 3) in base 10?
42
What is 4d (base 15) in base 14?
53
Convert 4c (base 13) to base 6.
144
What is 2212 (base 3) in base 12?
65
What is c (base 14) in base 2?
1100
-76 (base 8) to base 12
-52
What is 48 (base 13) in base 9?
66
What is 8 (base 11) in base 16?
8
Convert 140 (base 14) to base 2.
11111100
-10 (base 16) to base 12
-14
Convert -12 (base 4) to base 5.
-11
What is -13 (base 8) in base 7?
-14
-37 (base 11) to base 16
-28
Convert 68 (base 12) to base 15.
55
66 (base 15) to base 10
96
What is -2 (base 10) in base 3?
-2
What is 1 (base 11) in base 7?
1
What is -12 (base 7) in base 8?
-11
-54 (base 6) to base 13
-28
What is -10 (base 2) in base 7?
-2
Convert -6 (base 14) to base 9.
-6
Convert 1101 (base 4) to base 13.
63
35 (base 9) to base 5
112
58 (base 14) to base 12
66
What is -6 (base 12) in base 4?
-12
Convert 3 (base 11) to base 13.
3
Convert 28 (base 10) to base 14.
20
-49 (base 16) to base 2
-1001001
What is -2 (base 10) in base 5?
-2
-4 (base 15) to base 5
-4
-341 (base 6) to base 13
-a3
What is 212 (base 4) in base 6?
102
4 (base 6) to base 13
4
-101 (base 4) to base 6
-25
Convert -10 (base 2) to base 13.
-2
-5 (base 6) to base 13
-5
-3 (base 4) to base 16
-3
-8 (base 11) to base 13
-8
-4 (base 9) to base 11
-4
4 (base 5) to base 3
11
What is -10 (base 5) in base 13?
-5
261 (base 9) to base 11
188
-14 (base 15) to base 4
-103
What is 0 (base 4) in base 15?
0
What is -5 (base 13) in base 12?
-5
What is -4 (base 11) in base 14?
-4
-22 (base 5) to base 3
-110
-21 (base 11) to base 3
-212
-12011 (base 3) to base 9
-164
-14 (base 8) to base 5
-22
-1 (base 5) to base 16
-1
Convert -14 (base 5) to base 2.
-1001
Convert 200 (base 3) to base 9.
20
Convert 1 (base 6) to base 10.
1
3 (base 11) to base 12
3
-1 (base 14) to base 7
-1
What is 30 (base 7) in base 6?
33
11 (base 3) to base 8
4
-52 (base 7) to base 5
-122
Convert 30 (base 16) to base 5.
143
What is -9 (base 10) in base 13?
-9
-100 (base 2) to base 7
-4
23 (base 5) to base 15
d
What is -3011 (base 4) in base 15?
-d2
Convert -3 (base 9) to base 2.
-11
2 (base 9) to base 2
10
What is -23 (base 16) in base 4?
-203
11 (base 2) to base 8
3
What is 29 (base 16) in base 8?
51
-1 (base 13) to base 15
-1
What is 1 (base 3) in base 5?
1
Convert 80 (base 12) to base 6.
240
What is -13b (base 15) in base 10?
-281
Convert -70 (base 12) to base 9.
-103
6 (base 11) to base 2
110
What is e (base 16) in base 3?
112
Convert -14 (base 7) to base 6.
-15
-85 (base 10) to base 5
-320
-100011110 (base 2) to base 8
-436
What is -34 (base 6) in base 13?
-19
-1453 (base 6) to base 13
-243
12 (base 11) to base 12
11
What is 100 (base 2) in base 8?
4
What is -3 (base 16) in base 10?
-3
What is -11 (base 7) in base 2?
-1000
What is 11010 (base 2) in base 16?
1a
What is -168 (base 14) in base 6?
-1200
-44 (base 15) to base 13
-4c
112 (base 4) to base 3
211
What is 5 (base 13) in base 8?
5
What is -11 (base 7) in base 16?
-8
Convert -215 (base 6) to base 9.
-102
Convert -11 (base 2) to base 12.
-3
What is 45 (base 7) in base 12?
29
Convert 20 (base 8) to base 5.
31
What is -6 (base 10) in base 13?
-6
Convert 31 (base 8) to base 10.
25
What is -4 (base 10) in base 2?
-100
-1201 (base 3) to base 8
-56
Convert 1133 (base 4) to base 16.
5f
What is -8 (base 15) in base 12?
-8
-6 (base 15) to base 14
-6
What is 3 (base 8) in base 5?
3
What is 315 (base 8) in base 11?
177
-200 (base 4) to base 16
-20
-b (base 14) to base 2
-1011
-b9 (base 15) to base 11
-149
-41 (base 8) to base 11
-30
Convert 110 (base 2) to base 4.
12
What is -5 (base 9) in base 15?
-5
What is -25 (base 13) in base 11?
-29
What is 59 (base 10) in base 15?
3e
What is 10010 (base 2) in base 14?
14
What is 125 (base 6) in base 4?
311
What is 10 (base 3) in base 9?
3
What is -254 (base 9) in base 11?
-182
-3 (base 4) to base 16
-3
-93 (base 11) to base 8
-146
What is -14 (base 12) in base 8?
-20
6 (base 9) to base 10
6
What is -3 (base 7) in base 13?
-3
Convert 202 (base 3) to base 12.
18
Convert -2 (base 7) to base 12.
-2
Convert -112 (base 13) to base 16.
-b8
-2a (base 13) to base 7
-51
-5 (base 16) to base 9
-5
What is -1 (base 6) in base 16?
-1
116 (base 7) to base 12
52
What is 43 (base 6) in base 9?
30
Convert 1 (base 14) to base 15.
1
Convert 50 (base 16) to base 15.
55
-e (base 16) to base 9
-15
-180 (base 10) to base 11
-154
Convert -1020 (base 4) to base 16.
-48
-162 (base 8) to base 10
-114
What is b2 (base 16) in base 10?
178
-11 (base 3) to base 10
-4
-12102 (base 3) to base 8
-222
What is 5 (base 12) in base 2?
101
110000 (base 2) to base 16
30
-20 (base 9) to base 8
-22
Convert -2 (base 7) to base 12.
-2
What is -3 (base 7) in base 